{"id":128,"date":"2018-12-03T17:41:04","date_gmt":"2018-12-03T20:41:04","guid":{"rendered":"http:\/\/connoisseurarte.com\/?page_id=128"},"modified":"2019-05-22T23:21:59","modified_gmt":"2019-05-23T02:21:59","slug":"restauracion-de-alfombras","status":"publish","type":"page","link":"https:\/\/connoisseurarte.com\/index.php\/restauracion-de-alfombras\/","title":{"rendered":"Restauraci\u00f3n de Alfombras y Tapices"},"content":{"rendered":"\t\t<div data-elementor-type=\"wp-post\" data-elementor-id=\"128\" class=\"elementor elementor-128 elementor-bc-flex-widget\">\n\t\t\t\t\t\t<section class=\"elementor-section elementor-top-section elementor-element elementor-element-31e8f5f elementor-section-full_width elementor-section-height-default elementor-section-height-default\" data-id=\"31e8f5f\" data-element_type=\"section\" data-e-type=\"section\">\n\t\t\t\t\t\t<div class=\"elementor-container elementor-column-gap-default\">\n\t\t\t\t\t<div class=\"elementor-column elementor-col-50 elementor-top-column elementor-element elementor-element-5229767\" data-id=\"5229767\" data-element_type=\"column\" data-e-type=\"column\">\n\t\t\t<div class=\"elementor-widget-wrap elementor-element-populated\">\n\t\t\t\t\t\t<div class=\"elementor-element elementor-element-285bf8a elementor-widget elementor-widget-heading\" data-id=\"285bf8a\" data-element_type=\"widget\" data-e-type=\"widget\" data-widget_type=\"heading.default\">\n\t\t\t\t<div class=\"elementor-widget-container\">\n\t\t\t\t\t<h2 class=\"elementor-heading-title elementor-size-default\">Restauraci\u00f3n de Alfombras y Tapices<\/h2>\t\t\t\t<\/div>\n\t\t\t\t<\/div>\n\t\t\t\t<section class=\"elementor-section elementor-inner-section elementor-element elementor-element-0af7943 elementor-section-boxed elementor-section-height-default elementor-section-height-default\" data-id=\"0af7943\" data-element_type=\"section\" data-e-type=\"section\">\n\t\t\t\t\t\t<div class=\"elementor-container elementor-column-gap-default\">\n\t\t\t\t\t<div class=\"elementor-column elementor-col-50 elementor-inner-column elementor-element elementor-element-0a2b38b\" data-id=\"0a2b38b\" data-element_type=\"column\" data-e-type=\"column\">\n\t\t\t<div class=\"elementor-widget-wrap elementor-element-populated\">\n\t\t\t\t\t\t<div class=\"elementor-element elementor-element-a341853 elementor-invisible elementor-widget elementor-widget-image\" data-id=\"a341853\" data-element_type=\"widget\" data-e-type=\"widget\" data-settings=\"{&quot;_animation&quot;:&quot;fadeInDown&quot;}\" data-widget_type=\"image.default\">\n\t\t\t\t<div class=\"elementor-widget-container\">\n\t\t\t\t\t\t\t\t\t\t\t\t\t\t\t<img fetchpriority=\"high\" decoding=\"async\" width=\"450\" height=\"600\" src=\"https:\/\/connoisseurarte.com\/wp-content\/uploads\/2019\/01\/IMG-20181105-WA0012-450x600.jpg\" class=\"attachment-product-page-image size-product-page-image wp-image-1521\" alt=\"\" srcset=\"https:\/\/connoisseurarte.com\/wp-content\/uploads\/2019\/01\/IMG-20181105-WA0012-450x600.jpg 450w, https:\/\/connoisseurarte.com\/wp-content\/uploads\/2019\/01\/IMG-20181105-WA0012-225x300.jpg 225w, https:\/\/connoisseurarte.com\/wp-content\/uploads\/2019\/01\/IMG-20181105-WA0012-768x1024.jpg 768w, https:\/\/connoisseurarte.com\/wp-content\/uploads\/2019\/01\/IMG-20181105-WA0012-120x160.jpg 120w, https:\/\/connoisseurarte.com\/wp-content\/uploads\/2019\/01\/IMG-20181105-WA0012.jpg 960w\" sizes=\"(max-width: 450px) 100vw, 450px\" \/>\t\t\t\t\t\t\t\t\t\t\t\t\t\t\t<\/div>\n\t\t\t\t<\/div>\n\t\t\t\t\t<\/div>\n\t\t<\/div>\n\t\t\t\t<div class=\"elementor-column elementor-col-50 elementor-inner-column elementor-element elementor-element-1ad0923\" data-id=\"1ad0923\" data-element_type=\"column\" data-e-type=\"column\">\n\t\t\t<div class=\"elementor-widget-wrap elementor-element-populated\">\n\t\t\t\t\t\t<div class=\"elementor-element elementor-element-1c5021e elementor-widget elementor-widget-text-editor\" data-id=\"1c5021e\" data-element_type=\"widget\" data-e-type=\"widget\" data-widget_type=\"text-editor.default\">\n\t\t\t\t<div class=\"elementor-widget-container\">\n\t\t\t\t\t\t\t\t\t<h3>\u00a0<\/h3><h3>Una alfombra es el objeto de decoraci\u00f3n peor tratado en la casa, simplemente porque esta debajo de nuestros pies. \u00a0A menudo pesados muebles se apoyan sobre la misma. El grado de da\u00f1o o suciedad que evidencia una alfombra depende de los h\u00e1bitos de las personas que habitan en la casa, la presencia de mascotas y ni\u00f1os y otros factores como ca\u00edda de materiales secos y l\u00edquidos, pasos y pisadas, exposicion a los rayos del sol, a la humedad, y a la limpieza inapropiada etc.<\/h3>\t\t\t\t\t\t\t\t<\/div>\n\t\t\t\t<\/div>\n\t\t\t\t\t<\/div>\n\t\t<\/div>\n\t\t\t\t\t<\/div>\n\t\t<\/section>\n\t\t\t\t\t<\/div>\n\t\t<\/div>\n\t\t\t\t<div class=\"elementor-column elementor-col-50 elementor-top-column elementor-element elementor-element-9c7843a\" data-id=\"9c7843a\" data-element_type=\"column\" data-e-type=\"column\">\n\t\t\t<div class=\"elementor-widget-wrap elementor-element-populated\">\n\t\t\t\t\t\t<div class=\"elementor-element elementor-element-3d9419e elementor-widget elementor-widget-image\" data-id=\"3d9419e\" data-element_type=\"widget\" data-e-type=\"widget\" data-widget_type=\"image.default\">\n\t\t\t\t<div class=\"elementor-widget-container\">\n\t\t\t\t\t\t\t\t\t\t\t\t\t\t\t<img decoding=\"async\" width=\"216\" height=\"134\" src=\"https:\/\/connoisseurarte.com\/wp-content\/uploads\/2018\/12\/1-e1545852135624.jpg\" class=\"attachment-large size-large wp-image-323\" alt=\"\" \/>\t\t\t\t\t\t\t\t\t\t\t\t\t\t\t<\/div>\n\t\t\t\t<\/div>\n\t\t\t\t\t<\/div>\n\t\t<\/div>\n\t\t\t\t\t<\/div>\n\t\t<\/section>\n\t\t\t\t<section class=\"elementor-section elementor-top-section elementor-element elementor-element-90b2afc elementor-section-boxed elementor-section-height-default elementor-section-height-default\" data-id=\"90b2afc\" data-element_type=\"section\" data-e-type=\"section\">\n\t\t\t\t\t\t<div class=\"elementor-container elementor-column-gap-default\">\n\t\t\t\t\t<div class=\"elementor-column elementor-col-50 elementor-top-column elementor-element elementor-element-9cd5cdc\" data-id=\"9cd5cdc\" data-element_type=\"column\" data-e-type=\"column\">\n\t\t\t<div class=\"elementor-widget-wrap elementor-element-populated\">\n\t\t\t\t\t\t<div class=\"elementor-element elementor-element-9dacc0a elementor-widget elementor-widget-text-editor\" data-id=\"9dacc0a\" data-element_type=\"widget\" data-e-type=\"widget\" data-widget_type=\"text-editor.default\">\n\t\t\t\t<div class=\"elementor-widget-container\">\n\t\t\t\t\t\t\t\t\t<h3>Con el transcurso del tiempo, y el uso cotidiano, las alfombras pierden sus cualidades originales. Nuestros especialistas recuperar\u00e1n el estado original de las mismas, restaurando los deterioros provocados por el desgaste, t\u00edpicos del uso y del paso del tiempo, logrando que sus alfombras luzcan como nuevas y conserven toda su calidad y belleza.<\/h3>\t\t\t\t\t\t\t\t<\/div>\n\t\t\t\t<\/div>\n\t\t\t\t\t<\/div>\n\t\t<\/div>\n\t\t\t\t<div class=\"elementor-column elementor-col-50 elementor-top-column elementor-element elementor-element-5b6c563\" data-id=\"5b6c563\" data-element_type=\"column\" data-e-type=\"column\">\n\t\t\t<div class=\"elementor-widget-wrap elementor-element-populated\">\n\t\t\t\t\t\t<div class=\"elementor-element elementor-element-d12503b elementor-invisible elementor-widget elementor-widget-image\" data-id=\"d12503b\" data-element_type=\"widget\" data-e-type=\"widget\" data-settings=\"{&quot;_animation&quot;:&quot;fadeIn&quot;}\" data-widget_type=\"image.default\">\n\t\t\t\t<div class=\"elementor-widget-container\">\n\t\t\t\t\t\t\t\t\t\t\t\t\t\t\t<img decoding=\"async\" width=\"216\" height=\"134\" src=\"https:\/\/connoisseurarte.com\/wp-content\/uploads\/2018\/12\/2.jpg\" class=\"attachment-medium size-medium wp-image-324\" alt=\"\" \/>\t\t\t\t\t\t\t\t\t\t\t\t\t\t\t<\/div>\n\t\t\t\t<\/div>\n\t\t\t\t\t<\/div>\n\t\t<\/div>\n\t\t\t\t\t<\/div>\n\t\t<\/section>\n\t\t\t\t<section class=\"elementor-section elementor-top-section elementor-element elementor-element-497afb5 elementor-section-boxed elementor-section-height-default elementor-section-height-default\" data-id=\"497afb5\" data-element_type=\"section\" data-e-type=\"section\">\n\t\t\t\t\t\t<div class=\"elementor-container elementor-column-gap-default\">\n\t\t\t\t\t<div class=\"elementor-column elementor-col-100 elementor-top-column elementor-element elementor-element-ab4c2ef\" data-id=\"ab4c2ef\" data-element_type=\"column\" data-e-type=\"column\">\n\t\t\t<div class=\"elementor-widget-wrap elementor-element-populated\">\n\t\t\t\t\t\t<div class=\"elementor-element elementor-element-a862e69 elementor-widget elementor-widget-text-editor\" data-id=\"a862e69\" data-element_type=\"widget\" data-e-type=\"widget\" data-widget_type=\"text-editor.default\">\n\t\t\t\t<div class=\"elementor-widget-container\">\n\t\t\t\t\t\t\t\t\t<h3>La restauraci\u00f3n de alfombras orientales y persas es \u00fanico y particular para cada alfombra. La alfombra es un tejido, y cualquier peque\u00f1o deterioro debilita al resto de la alfombra.<\/h3><h3>Los trabajos de restauraci\u00f3n depender\u00e1n del deterioro y necesidades que tenga cada alfombra. Todos los procesos son realizados a mano por artesanos altamente especializados, cuidando cada detalle de su alfombra, a fin de garantizar la calidad del trabajo &#8211; desde utilizar herramientas espec\u00edficas para cada material, adecuar el tipo de jab\u00f3n a usar, la dureza del agua, hasta la forma de secado al aire para que todo el pelo quede bien peinado y no revuelto como ocurre con las limpiezas mec\u00e1nicas.<\/h3><h2><strong><br \/><\/strong><strong>Los trabajos de Restauraci\u00f3n que hacemos incluyen <\/strong><\/h2><ul><li><h3><b style=\"color: inherit; font-family: inherit;\">Lavado, te\u00f1ido y correcci\u00f3n de colores descoloridos por la acci\u00f3n del sol, derrames de orina o liquidos, o por lavados incorrectos<\/b><\/h3><\/li><li><h3><b style=\"color: inherit; font-family: inherit;\">Reparaciones de cortes y roturas del tejido de las alfombras<\/b><\/h3><\/li><li><h3><b style=\"color: inherit; font-family: inherit;\">Reparaci\u00f3n de bordes y cambio de color de los mismos<\/b><\/h3><\/li><li><h3><b style=\"color: inherit; font-family: inherit;\">Renovaci\u00f3n de flecos de algod\u00f3n, de lana o de seda natural<\/b><\/h3><\/li><li><h3><b style=\"color: inherit; font-family: inherit;\">Agregado de flecos en caso de no poder recuperarse los originales<\/b><\/h3><\/li><li><h3><b style=\"color: inherit; font-family: inherit;\">Incorporaci\u00f3n o repoblaci\u00f3n de lana en sectores gastados de la alfombra por excesivo trafico y roce o debido al ataque de polillas<\/b><\/h3><\/li><li><h3><b style=\"color: inherit; font-family: inherit;\">Tratamiento anti polillas<\/b><\/h3><\/li><li><h3><b style=\"color: inherit; font-family: inherit;\">Da\u00f1os debidos a fuego, incendios y quemaduras<\/b><\/h3><\/li><\/ul>\t\t\t\t\t\t\t\t<\/div>\n\t\t\t\t<\/div>\n\t\t\t\t\t<\/div>\n\t\t<\/div>\n\t\t\t\t\t<\/div>\n\t\t<\/section>\n\t\t\t\t<section class=\"elementor-section elementor-top-section elementor-element elementor-element-a89d1ab elementor-section-boxed elementor-section-height-default elementor-section-height-default\" data-id=\"a89d1ab\" data-element_type=\"section\" data-e-type=\"section\">\n\t\t\t\t\t\t<div class=\"elementor-container elementor-column-gap-default\">\n\t\t\t\t\t<div class=\"elementor-column elementor-col-50 elementor-top-column elementor-element elementor-element-b2ab46a\" data-id=\"b2ab46a\" data-element_type=\"column\" data-e-type=\"column\">\n\t\t\t<div class=\"elementor-widget-wrap elementor-element-populated\">\n\t\t\t\t\t\t<div class=\"elementor-element elementor-element-d1d8010 elementor-widget elementor-widget-image\" data-id=\"d1d8010\" data-element_type=\"widget\" data-e-type=\"widget\" data-widget_type=\"image.default\">\n\t\t\t\t<div class=\"elementor-widget-container\">\n\t\t\t\t\t\t\t\t\t\t\t\t\t\t\t<img loading=\"lazy\" decoding=\"async\" width=\"216\" height=\"134\" src=\"https:\/\/connoisseurarte.com\/wp-content\/uploads\/2018\/12\/3.jpg\" class=\"attachment-large size-large wp-image-325\" alt=\"\" \/>\t\t\t\t\t\t\t\t\t\t\t\t\t\t\t<\/div>\n\t\t\t\t<\/div>\n\t\t\t\t\t<\/div>\n\t\t<\/div>\n\t\t\t\t<div class=\"elementor-column elementor-col-50 elementor-top-column elementor-element elementor-element-408332b\" data-id=\"408332b\" data-element_type=\"column\" data-e-type=\"column\">\n\t\t\t<div class=\"elementor-widget-wrap elementor-element-populated\">\n\t\t\t\t\t\t<div class=\"elementor-element elementor-element-f9373e2 elementor-widget elementor-widget-text-editor\" data-id=\"f9373e2\" data-element_type=\"widget\" data-e-type=\"widget\" data-widget_type=\"text-editor.default\">\n\t\t\t\t<div class=\"elementor-widget-container\">\n\t\t\t\t\t\t\t\t\t<h3>Si desea restaurar una alfombra o tapiz, no dude en contactarnos. Nosotros vamos a su domicilio. Evaluamos el estado de la alfombra, y determinamos las restauraciones que consideramos necesarias, proponi\u00e9ndole la soluci\u00f3n m\u00e1s adecuada. En base a la soluci\u00f3n propuesta, hacemos un presupuesto, sin ning\u00fan tipo de compromiso. Una vez que la alfombra est\u00e9 limpia y restaurada, se la devolveremos y colocaremos tambi\u00e9n sin ning\u00fan costo extra.<\/h3>\t\t\t\t\t\t\t\t<\/div>\n\t\t\t\t<\/div>\n\t\t\t\t\t<\/div>\n\t\t<\/div>\n\t\t\t\t\t<\/div>\n\t\t<\/section>\n\t\t\t\t<section class=\"elementor-section elementor-top-section elementor-element elementor-element-06b6044 elementor-section-boxed elementor-section-height-default elementor-section-height-default\" data-id=\"06b6044\" data-element_type=\"section\" data-e-type=\"section\">\n\t\t\t\t\t\t<div class=\"elementor-container elementor-column-gap-default\">\n\t\t\t\t\t<div class=\"elementor-column elementor-col-100 elementor-top-column elementor-element elementor-element-edb28e8\" data-id=\"edb28e8\" data-element_type=\"column\" data-e-type=\"column\">\n\t\t\t<div class=\"elementor-widget-wrap elementor-element-populated\">\n\t\t\t\t\t\t<div class=\"elementor-element elementor-element-f4596e6 elementor-widget elementor-widget-text-editor\" data-id=\"f4596e6\" data-element_type=\"widget\" data-e-type=\"widget\" data-widget_type=\"text-editor.default\">\n\t\t\t\t<div class=\"elementor-widget-container\">\n\t\t\t\t\t\t\t\t\t<h3>Nuestros trabajos cuentan con una garant\u00eda de calidad respaldada por nuestro equipo de restauradores y m\u00e1s de 60 a\u00f1os de trayectoria en la venta y la restauraci\u00f3n de antig\u00fcedades.<\/h3><h4>\u00a0<\/h4>\t\t\t\t\t\t\t\t<\/div>\n\t\t\t\t<\/div>\n\t\t\t\t\t<\/div>\n\t\t<\/div>\n\t\t\t\t\t<\/div>\n\t\t<\/section>\n\t\t\t\t<section class=\"elementor-section elementor-top-section elementor-element elementor-element-e11c689 elementor-section-boxed elementor-section-height-default elementor-section-height-default\" data-id=\"e11c689\" data-element_type=\"section\" data-e-type=\"section\">\n\t\t\t\t\t\t<div class=\"elementor-container elementor-column-gap-default\">\n\t\t\t\t\t<div class=\"elementor-column elementor-col-100 elementor-top-column elementor-element elementor-element-c5590cc\" data-id=\"c5590cc\" data-element_type=\"column\" data-e-type=\"column\">\n\t\t\t<div class=\"elementor-widget-wrap elementor-element-populated\">\n\t\t\t\t\t\t\t<\/div>\n\t\t<\/div>\n\t\t\t\t\t<\/div>\n\t\t<\/section>\n\t\t\t\t<\/div>\n\t\t","protected":false},"excerpt":{"rendered":"<p>Restauraci\u00f3n de Alfombras y Tapices \u00a0 Una alfombra es el objeto de decoraci\u00f3n peor tratado en la casa, simplemente porque esta debajo de nuestros pies. \u00a0A menudo pesados muebles se apoyan sobre la misma. El grado de da\u00f1o o suciedad que evidencia una alfombra depende de los h\u00e1bitos de las personas que habitan en la [&hellip;]<\/p>\n","protected":false},"author":1,"featured_media":0,"parent":0,"menu_order":0,"comment_status":"closed","ping_status":"closed","template":"template-fullwidth.php","meta":{"footnotes":""},"class_list":["post-128","page","type-page","status-publish","hentry"],"jetpack_sharing_enabled":true,"_links":{"self":[{"href":"https:\/\/connoisseurarte.com\/index.php\/wp-json\/wp\/v2\/pages\/128","targetHints":{"allow":["GET"]}}],"collection":[{"href":"https:\/\/connoisseurarte.com\/index.php\/wp-json\/wp\/v2\/pages"}],"about":[{"href":"https:\/\/connoisseurarte.com\/index.php\/wp-json\/wp\/v2\/types\/page"}],"author":[{"embeddable":true,"href":"https:\/\/connoisseurarte.com\/index.php\/wp-json\/wp\/v2\/users\/1"}],"replies":[{"embeddable":true,"href":"https:\/\/connoisseurarte.com\/index.php\/wp-json\/wp\/v2\/comments?post=128"}],"version-history":[{"count":35,"href":"https:\/\/connoisseurarte.com\/index.php\/wp-json\/wp\/v2\/pages\/128\/revisions"}],"predecessor-version":[{"id":2064,"href":"https:\/\/connoisseurarte.com\/index.php\/wp-json\/wp\/v2\/pages\/128\/revisions\/2064"}],"wp:attachment":[{"href":"https:\/\/connoisseurarte.com\/index.php\/wp-json\/wp\/v2\/media?parent=128"}],"curies":[{"name":"wp","href":"https:\/\/api.w.org\/{rel}","templated":true}]}}